e?
False
Let d(u) = -2*u**2 + 16*u - 16. Let p be d(7). Is 245070/180*p/((-1)/1) prime?
False
Let d = -1686 + 3397. Is d a composite number?
True
Let u(n) = 11 + 2*n + 11*n + 26*n**2 + 0*n**2. Let i = -91 + 85. Is u(i) composite?
True
Let t be (-240)/(-128) - (-1)/8. Is 83188/84 - t/(-3) composite?
False
Is 22468935/27 - -6 - (-3)/((-54)/(-4)) a prime number?
True
Suppose -2*l = 4*k - 5*l - 479864, l - 239922 = -2*k. Is k a prime number?
True
Let y = 4 + -1. Let k be (60 - (y/(-1) + 6)) + -2. Is (k/(-15))/((-1)/69) a prime number?
False
Suppose -p = -5*v - 22, 4*v + 5*p = 3*p - 26. Let i be 583/2 + (45/(-6))/v. Suppose i + 228 = q. Is q composite?
False
Suppose -13*q - 23944 = 14029. Let w = -903 - q. Is w composite?
True
Let z(n) be the third derivative of 464*n**5/15 + 5*n**4/24 - 7*n**3/6 + n**2 - 6*n. Is z(2) a prime number?
False
Let v be 18/54 - (-29)/3. Suppose 0 = -3*c + 5*c - v. Suppose -c*j = 4*o - 8093, o + 5*j - 1577 = 465. Is o prime?
True
Is (-3)/(-4)*2/6 + (-470779)/(-4) a composite number?
True
Let f be 4/8*-6 + -194. Let q be f/7 - (-2)/14. Is (q/6)/((-2)/309) a composite number?
True
Let q(p) = 31 + 554*p + 63*p**2 + p**2 - 557*p. Is q(6) a prime number?
False
Let s = -6680 - -11842. Suppose 0*z + s = 2*z. Is z a prime number?
False
Suppose -1928 = -4*t - 0*q + 5*q, -3*t - 5*q = -1481. Suppose 0 = h + 2470 - t. Let v = h + 3520. Is v prime?
False
Let c = -208 - -201. Is 4/(-14) + (129844/c)/(-4) composite?
False
Suppose -d + 0*d + 5 = 5*f, -2*f = 4*d - 74. Let s be d/(3*4/(-36)). Let y = s + 115. Is y a composite number?
True
Let f(l) = 84*l**3 - 57*l**2 + 55*l - 45. Is f(7) composite?
True
Let n = 3503 - 975. Suppose -6*t + 3*t + 4503 = 0. Let m = n - t. Is m composite?
True
Suppose 3*m = -7*m - 5160. Let x = 1939 - m. Is x a composite number?
True
Is (-26)/(-273) + 12562932/252 a composite number?
False
Suppose 0 = -5*d + 2*q + 7643, 5*d = -3*q - 0*q + 7623. Let k = d + -640. Is k prime?
True
Suppose 57 = 11*k - 383. Suppose -9*s + 5*s = k. Is (-11264)/s + (-12)/30 prime?
False
Let w be (-7)/(42/(-30)) - -16. Let z(d) = 390*d - 55. Is z(w) a composite number?
True
Suppose -15*u - f = -12*u - 4484, 0 = -5*f + 25. Suppose -5*i + 2*d = -1491, u = -4*i + 9*i - d. Is i a composite number?
True
Let n(w) = 2*w**3 + 23*w**2 - 92*w + 38. Is n(27) prime?
False
Suppose 9*l = 8*l + 8544. Suppose 2*d + h - 3206 = 2475, -3*d + 3*h + l = 0. Is d a composite number?
False
Suppose 0 = y - 2 - 1, 6 = o + 2*y. Suppose 0*c = -2*c + x + 13082, o = x. Is c composite?
True
Let g = 1302 + -448. Let u = 453 - -922. Let d = u - g. Is d prime?
True
Let n(h) = -3*h**3 + 5*h**2 + h - 3. Let b be n(2). Suppose 3*x + 4*r - 23 = 0, 0*x = 5*x - 5*r - 15. Is b/(25/(-5346)) - x/25 composite?
False
Suppose 3*r + 33 = 3*v, -4*v + 27 + 5 = -r. Suppose -6*q = -v*q + 705. Suppose 4*m - q = 3*m + 3*a, m + a - 721 = 0. Is m a composite number?
True
Let w(d) = 9271*d + 15. Let s(c) = 3090*c + 5. Let b(i) = -11*s(i) + 4*w(i). Let u be b(3). Let h = -6018 + u. Is h a composite number?
True
Let j(l) be the first derivative of -l**4/4 + 2*l**3/3 + 2*l**2 + 967*l - 64. Is j(0) a composite number?
False
Let j(w) = -w**2 - 6*w + 7. Let g be j(-6). Let n be (-7)/(7/(-4)) + 6 + -6. Is ((-506)/n)/(g/(-14)) a composite number?
True
Suppose -2*b = -5*f + f, 2*f = -2*b + 18. Suppose 0 = -11*z + b*z. Suppose 7*p - 25971 + 10718 = z. Is p composite?
False
Is (-31 - -28) + (-2)/(-4) + 3652668/8 composite?
False
Suppose 5*p - 19*l = -20*l + 2110212, 0 = -5*p + 4*l + 2110177. Is p a composite number?
False
Suppose 234*u = 333507288 + 105162450. Is u a composite number?
False
Let b = 354 - 359. Is (0 - b/10)/(2/17132) composite?
False
Let i(p) = 1220*p**2 - 391*p - 80. Is i(11) a prime number?
True
Let a(d) = -19*d - 3 + 11*d + 4*d**2 + 9*d. Let c be a(-2). Is (c - 14) + 1*202 composite?
False
Let n = 489425 + -341686. Is n prime?
True
Suppose -17710*n - 1283748 = -17722*n. Is n composite?
False
Let u be ((-6)/(-9))/(4/1422) + -2. Let p = u - -502. Is p prime?
False
Let i(q) be the second derivative of q**5/20 + 5*q**4/4 - 11*q**3/3 + 17*q**2/2 - 4*q. Suppose -5*s - 3*n = 71, 23 = -13*s + 11*s - 3*n. Is i(s) prime?
True
Let z(k) = 3*k + 15. Let m be z(-6). Let b be 1 - ((-1)/((-2)/(-116)) + m). Suppose -2*w - 2*t = 2*t - b, -37 = -2*w + t. Is w a composite number?
True
Let l(y) = 32*y**2 - 3*y + 1. Let n be l(5). Suppose -2*i + 4*w + 417 = 107, 4*w - 342 = -2*i. Let c = n + i. Is c composite?
True
Let k = 14877 + -7685. Suppose -4*z + t = -3*t - k, 4*z + 5*t = 7219. Is z a prime number?
True
Let s = 87125 + 1000438. Is s prime?
False
Suppose 0 = -24*o + 12*o - 592863 + 3330291. Is o composite?
True
Let k be 18/54 - 1/(-3)*-76. Is (20195/25)/((-5)/k) prime?
False
Suppose 4*n - 22396 = 3*x + 5425, 0 = -3*x - 9. Is n a prime number?
False
Let i be (-1)/((-2)/(2 - 4)). Let t be ((-32)/(-32))/(2/538*i). Let j = 1158 + t. Is j composite?
True
Is 0 + 1244 - 650/(-50) a prime number?
False
Let j be 1/((-2)/46) - 1. Is (-93604)/(-21)*(-18)/j composite?
False
Let x be (6 - -2)/((-6)/(-18)*-6). Is (-2979)/12*(x - 16) - 2 composite?
True
Suppose -2*h = 11*o - 143933, -61*o + 56*o + 71968 = h. Is h prime?
True
Suppose -2*q + 5*c - 2*c = -2497, q = 3*c + 1247. Suppose 0 = -2*g - 4, 0 = 2*t + 3*t + 3*g - 11079. Let p = t - q. Is p composite?
False
Suppose 682 + 32 = -34*g. Suppose -145 = 2*x + 399. Let w = g - x. Is w prime?
True
Suppose 3*l - 4*v = 579061, -2*l + 2*v = 18425 - 404463. Is l composite?
True
Suppose -20*z + 16*z - 84546 = -2*m, 4*m + 2*z - 169082 = 0. Is m a composite number?
True
Let n(a) = -2*a + 649. Let u(p) = -p**2 + 10*p + 24. Let f be 0 - (-3 - (-9)/(-1)). Let z be u(f). Is n(z) a prime number?
False
Suppose 16 = -68*w + 52*w. Let o(h) = 19261*h**2 + 4*h + 6. Is o(w) a composite number?
True
Suppose -2*g = 5*z - 10949 - 1631, -10052 = -4*z - 4*g. Let f = -14 - -14. Suppose -2*w + f*w = -z. Is w a composite number?
False
Let s = -455 - -1734. Let c = -692 + s. Is c composite?
False
Let v = 16181 - -71670. Is v prime?
False
Suppose z - 53*c + 8 = -51*c, -3*z - 24 = 3*c. Is (-53958 - 2)/z + 2 + 2 a prime number?
False
Is 22726 - (2682/(-378) + (-4)/(-42)) prime?
False
Suppose -19*s + 22087160 = 2*s + 19*s. Is s a composite number?
False
Suppose 58*n - 25740774 = 6*n - 10692026. Is n composite?
True
Let i = 477 - 484. Let k(a) = -4596*a - 31. Is k(i) a prime number?
True
Let x be (-2 + (2 - -2))*-3. Is (-2 - -12027) + 12/(x - -3) a prime number?
False
Let j = -214 - -590. Suppose -b = -3*i + 1114, -i + j = -10*b + 5*b. Suppose -u + i + 138 = 2*g, -2*u = -g + 252. Is g a prime number?
False
Let l(h) = -7*h**3 - 7*h**2 - 2*h + 4. Suppose 4*p - 14 + 41 = r, -4*p = 4*r + 12. Let d be l(p). Is (-6 - d)*1/(-4)*14 a prime number?
False
Let u(d) = d**3 + 3*d**2 - 2. Let i be u(-2). Suppose 6*l + i*l = 7320. Let f = 280 + l. Is f composite?
True
Let t = 6 - 1. Suppose -2*s - t - 7 = 0. Is (-87)/(-2)*(-124)/s a composite number?
True
Let c = -30 - -32. Suppose 2064 = 5*h - 2*n, -c*n - 2 = -n. Suppose 48 + h = 4*x. Is x a prime number?
False
Is 30758 - (3 - 65/20)/(1/12) a prime number?
False
Let z(v) be the second derivative of -v**3/6 + 7*v**2/2 - 3*v. Let s be z(-7). Suppose -599 = -15*b + s*b. Is b prime?
True
Suppose -12*y + 822379 = -831113. Is y composite?
False
Is (1*-6 - (-77146720)/100)*(-20)/(-8) a prime number?
True
Suppose 16 = 7*y - 12. Suppose -10594 = -2*i + a, i + 0*a = -y*a + 5315. Is i a prime number?
False
Suppose 261 = 7*v + 65. Let c(m) = 314*m + 149. Is c(v) a composite number?
False
Let d be 16/(16/(-4)) + -10. Let k = d - -12. Is k + 561/6*6 prime?
False
Suppose -3495 = -k - 2*k. Suppose 10*a - 111*a + 56660 = -8788. Let h = k - a. Is h a prime number?
False
Let c(z) = -656 + 111*z**2 + 18*z + 355 - 96*z**2. Is c(18) a prime number?
False
Let a(g) = -104*g**2 + 55*g**2 + 3*g + 50*g**2 - 12. Let k be a(-6). Suppose 3*i + k*i - 3987 = 0. Is i a composite number?
False
Let i be (12*1)/(-2) - (-6)/2. Let j be (-2 - 11/i)*54. Suppose j*s - 86 = 88*s. Is s a composite number?
False
Let n(a) = 8844*a - 701. Is n(5) a composite number?
True
Suppose 85374*n = 85355*n + 15354413. Is n composite?
True
Let r be (-2)/6 + (-430)/15 + 9. Is -6 + 3298/1 + r/(-20) a composite num